+ 68. Calculate the remainder when i is divided by w.
15
Let k = 30237 + -30225. What is the remainder when 165 is divided by k?
9
Let s(a) = a**3 - 102*a**2 + 93*a + 1339. Calculate the remainder when s(101) is divided by 68.
55
Let o = 64 + -30. Let s(h) = -46*h + 2359. What is the remainder when o is divided by s(51)?
8
Calculate the remainder when (-11 + 53)/3 + 23 is divided by 32.
5
Let p = -191 - -204. Suppose -t + 2*m + p = 0, 0 = 4*t - 5*m + 3*m - 52. Calculate the remainder when 21 is divided by t.
8
Let q = -43 - -48. Suppose -562 = -q*w + 33. Suppose 360 = 5*s - 5*k, -s - w = -3*s - 3*k. Calculate the remainder when s is divided by 23.
21
Suppose 70 = 10*d - 15*d. Let v be -1 + d*(-31)/2. Suppose -3*y - y = -v. Calculate the remainder when y is divided by 11.
10
Suppose 59*x - 54*x - 360 = 5*y, 2*y + 372 = 5*x. Let c(g) = -g**3 + 10*g**2 - 9*g + 10. What is the remainder when x is divided by c(9)?
6
Let b = 12677 + -8713. Calculate the remainder when b is divided by 65.
64
Suppose -1704 = -18*s + 7*s + 8*s. Calculate the remainder when s is divided by 112.
8
Suppose 34*k + 72*k - 17286 = -23*k. Calculate the remainder when 4687 is divided by k.
131
Suppose 73 = 2*y + 5*d, 3*y - 3*d = -y + 81. What is the remainder when (1/1)/((24 - 6)/1278) is divided by y?
23
Suppose y - 5 = 6*y. Let g(z) = 11*z**2 + z. Suppose 3*c - 33 + 152 = 4*o, 5*o + 5*c - 140 = 0. Calculate the remainder when o is divided by g(y).
9
Let x(o) = 2*o**2 - 26*o + 313. What is the remainder when x(11) is divided by 61?
25
Suppose 0*k + k = -4*x + 13, 2*x = -4*k + 24. Suppose k*z + 80 = 125. Calculate the remainder when 9 is divided by z.
0
Let a(b) = 286*b + 3487. What is the remainder when 1717 is divided by a(-12)?
12
Calculate the remainder when 889 is divided by (-12)/10*(16/(-24) + (-14102)/132).
115
Let f(r) = 22*r - 7. Suppose 4*o + 38*d = 42*d - 16, 3*o = 4*d - 17. Let x(z) = -z**2 - 7*z. Calculate the remainder when f(o) is divided by x(-6).
3
Let z(q) = -4*q + 20. Let u be z(-6). Suppose 2*s - u = 4*d, s - 3*d - 9 - 17 = 0. What is the remainder when 40 is divided by s?
12
Calculate the remainder when (-22)/4*(3 - 457)/1 is divided by 61.
57
Let z be -4*((-29)/1)/(4 + -2). Suppose 3*v = n + 14 + 41, -4*n = -3*v + z. Suppose -105 = 13*c - v*c. Calculate the remainder when 83 is divided by c.
20
Suppose 35*x = 2*x + 4*x + 406. Calculate the remainder when 196 + (0/(-2) - 2) is divided by x.
12
Suppose s - 81 = 5*b - 94, 124 = 5*s + 2*b. Calculate the remainder when 592 is divided by s.
20
Suppose 2*w = 5*u - 92, 34*u - 40*u + 106 = 2*w. Calculate the remainder when 51 is divided by u.
15
Let n(u) = 102*u + 146. Calculate the remainder when 4086 is divided by n(-1).
38
What is the remainder when 433 is divided by 6/(168/(-4)) - (-55746)/133?
14
Let m(c) = 120*c + 1481. What is the remainder when 137 is divided by m(-12)?
14
Let q(c) = -7*c**2 + 370*c + 74. What is the remainder when (-213)/(-9)*(-18)/(-3) is divided by q(53)?
16
Suppose -123*i - 187 = -134*i. Calculate the remainder when (92/3)/(i/51) is divided by 29.
5
Let s(c) = -c**3 + 22*c**2 - 45*c - 176. Calculate the remainder when 253 is divided by s(19).
45
Suppose -4*z - y + 21 + 42 = 0, -17 = -z + y. Suppose -z + 7 = -3*w. Suppose 3*u - w = 15. Calculate the remainder when 6 is divided by u.
0
Let v be (-1573)/(-15) + 2/15. Suppose 4*u - 87 - v = 0. Let d = u - 38. Calculate the remainder when 46 is divided by d.
6
Let d(n) = 99*n**2 - 580*n + 5. What is the remainder when d(6) is divided by ((-1)/2)/(2/(-28))?
5
Suppose 5*l + 819 = 57*l + 91. What is the remainder when 1327 is divided by l?
11
Let s = 249 + -81. Let b(w) = -5*w - 11. Calculate the remainder when s is divided by b(-4).
6
Let z(j) = j**3 - 26*j**2 + 22*j + 25. Let m be z(25). Calculate the remainder when 10/(-3)*5370/m is divided by 72.
70
Suppose -2*g + 41 = 3*t, -t + 49*g + 27 = 53*g. Calculate the remainder when (-48)/(-10)*(-2 + 12) is divided by t.
4
Let d = -156 + 266. Calculate the remainder when d is divided by (-780)/(-8)*((-8)/3 + (4 - (-14)/(-15))).
32
Let b = 16 - 14. Let k(l) = -l**2 - 9*l + 19. What is the remainder when k(-10) is divided by b?
1
Suppose 66*i - 889 = 535 + 622. Suppose 0 = -3*a - 4*p + 48, 3*a + 4*p - 8 = 2*a. Calculate the remainder when i is divided by a.
11
Suppose -4*y + 348 = -y. Suppose -c - 3*c - 36 = 0. Let f = 39 + c. Calculate the remainder when y is divided by f.
26
Let t be (1 - -131) + (0 - (8 + -2)). Suppose -t*j = -119*j - 161. Calculate the remainder when 73 is divided by j.
4
Suppose -68*d - 6*d + 7844 = -0*d. What is the remainder when d is divided by 13?
2
Let b(r) = r**2 + 51*r - 577. What is the remainder when b(24) is divided by 17?
16
Let q(d) = d**3 + 6*d**2 + 8*d + 3. Let u be q(-5). Let z be (-1194)/(-24) + (-3)/u. Let j = z + -39. What is the remainder when 31 is divided by j?
9
Suppose -151*h + 11940 = -16448. Calculate the remainder when h is divided by 10.
8
Let k = 969 + -370. What is the remainder when k is divided by 176?
71
Suppose -2*y = -4*w - 58, 10*w + 16 = 9*w - y. Let n(s) = -3*s**3 + s**2 + 2. Let r be n(4). What is the remainder when 23 is divided by r/w + (-2)/(-5)?
11
Let u(x) = -x**3 - 4*x**2 - 67. Suppose -145 = -7*c + 2*c. Calculate the remainder when c is divided by u(-6).
4
Let j(o) = 496*o + 9541. Calculate the remainder when j(-14) is divided by 130.
127
Let n be (1*4)/(4/(-20)). Let r(o) = o**2 + 36*o + 67. Let s be r(-34). Calculate the remainder when 2 + 0 + n/s is divided by 8.
6
Let y(t) = -t**2 + 6*t - 9. Let v be y(3). Suppose v = -7*s + 11*s - z - 86, -3*s + 4*z = -58. What is the remainder when s is divided by 20?
2
Suppose -3*h - 8 = -8*h - 3*c, -2*h - 2*c = 0. Suppose -5*n = -z - 22, 8 = -3*z + h*z + n. Calculate the remainder when 15 is divided by z.
0
Suppose -486*r + 485*r = -268. What is the remainder when 199 is divided by (r/(-6))/(18/(-27))?
65
Suppose -2*n - 675 = -47*n. Suppose n*w - 2*w - 1157 = 0. Calculate the remainder when 345 is divided by w.
78
Suppose 749 = -8*l - 355. Let a = 164 + l. Calculate the remainder when 90 is divided by a.
12
Suppose -4*x = 2*o - 0*x + 12, 5*o - 3*x + 30 = 0. Let h(r) be the first derivative of -6*r**2 - 9*r + 1. What is the remainder when h(o) is divided by 16?
15
Suppose -4*i + 424 = -4*z + i, 3*z + 2*i = -318. Let c = -9 - z. Let u = 177213 - 177199. What is the remainder when c is divided by u?
13
Let n = 501 + -439. Calculate the remainder when n is divided by 580/18 - (-4)/(-18).
30
Suppose x - 29 = -5*a - 0*a, -3*a + x = -11. Suppose -2*k + a*k = 72. Suppose -47 = -5*y - 2*m, 4*m = 6*m - 2. Calculate the remainder when k is divided by y.
6
Let g = -4 - -7. Suppose -g*o = 12, -a + 3*o - 5*o = -71. Suppose 19*x - 575 = -21*x + 1025. Calculate the remainder when a is divided by x.
39
Suppose -2*j = 5*v + 20, -5*j + 0*j = -2*v - 8. Suppose 5*o - w - 617 - 516 = 0, 2*w - 4 = j. Calculate the remainder when o is divided by 23.
20
Let i(s) = s**3 + 18*s**2 + 12*s - 95. Calculate the remainder when i(-12) is divided by 35.
30
Suppose -4*o = o - 120. Suppose 137*u - 37 + 367 = 140*u. What is the remainder when u is divided by o?
14
Let s(c) = 11*c**2 + 21*c - 80. Calculate the remainder when s(6) is divided by 3.
1
Let s = 9311 + -5427. What is the remainder when s is divided by 54?
50
Let u(a) = -2*a**2 + 20*a + 189. Let i be u(-6). Let o(k) = -k**2 - 15*k. What is the remainder when 214 is divided by o(i)?
34
Let m(d) = -d**3 - d**2 - 3*d - 5. Suppose -3*j - 5*v + 0*v + 56 = 0, 3*j = 5*v + 16. What is the remainder when j is divided by m(-2)?
2
Suppose -30*h - 33*h - 7*h + 3080 = 0. What is the remainder when 194 is divided by h?
18
Let t be 74/(-111)*18/4*-19. Suppose t = 21*n - 237. What is the remainder when 123 is divided by n?
11
What is the remainder when 48 is divided by (98/(-147))/((-2)/60) - 2?
12
Suppose -440 + 2960 = 12*l. Suppose -4*g - 416 = -4*n, -2*n = -0*n - g - l. Let y = n - 91. What is the remainder when 100 is divided by y?
10
Suppose -1413*h = -1429*h + 816. Calculate the remainder when 156 is divided by h.
3
Suppose -7*b = -10*b - 297. Let j = -69 - b. Let s(n) = 10*n**2 - 118*n - 5. Calculate the remainder when j is divided by s(12).
11
Let k(q) = -28*q + 741. Calc